digit of b(f)?
2
Let c = -36 + 53. What is the tens digit of c?
1
Let y(s) = 2*s**2 + s + 8. What is the units digit of y(6)?
6
Suppose -6*o + 28 = -4*o. Let w be (-5 - -1)/(-2) + o. Suppose 3*z = -z + w. What is the units digit of z?
4
What is the units digit of ((-273)/(-6) - 2)/(1/2)?
7
Let n be -2 - 3/((-9)/21). Suppose -2*w - n = -19. What is the units digit of w?
7
Let u be 6/21 + (-40)/(-7). Suppose -2*p - 48 = -u*p. What is the tens digit of p?
1
Suppose d - 5 = 4. Let y = d - 7. What is the units digit of y?
2
Let t(y) = 68*y + 10. What is the tens digit of t(2)?
4
Let y(x) = x**2 - 4*x - 3. Let s be y(5). Let p = -1 - s. What is the tens digit of (-3)/p + 12*1?
1
Suppose 0 = 5*v, 2*v + 1 = a - 2. Suppose 0 = -2*p - p + a. What is the units digit of p/2*(8 - 0)?
4
Suppose -4*p = -8, 5*t - 63 = 4*t - 4*p. What is the tens digit of t?
5
Let u(p) = p**3 - 5*p**2 - 6*p + 5. Let m be u(6). Suppose m*c + 9 = n, -6*n + n + 4*c + 45 = 0. What is the units digit of n?
9
Let r(q) = -q**2 - 8*q - 2. Let n be r(-6). Suppose 2*h + 0*h - n = 0. What is the units digit of h?
5
Let o = -1 - -1. Let c be 6/2 + 3/3. Let i = c - o. What is the units digit of i?
4
Let j = -10 - -14. What is the tens digit of 93/j + (-5)/20?
2
Let r(x) = -x + 28. Let y be (-4)/12*0*-1. What is the tens digit of r(y)?
2
Suppose 428 = 5*v - v - 3*a, -2*v = -4*a - 204. What is the hundreds digit of v?
1
Suppose s = -2*m + 11, -s + m + 4 + 1 = 0. What is the units digit of s?
7
Suppose 0*r - 5*r + 450 = 0. Suppose 0 = -7*c + 2*c + r. What is the units digit of c?
8
Suppose -3*g = 11 + 31. Suppose -2*u - u - 12 = 0. Let v = u - g. What is the units digit of v?
0
Let o = 11 - 7. Suppose 2*j = 7*j - b + 19, 0 = j - o*b + 19. Let z = j + 10. What is the units digit of z?
7
Let p be (-1 + 1)/2 + 2. Suppose -c = -0*c - p. Suppose 28 = 4*t - c*r, t + 2 = -4*r - 9. What is the units digit of t?
5
Suppose 3 = -2*b + b. Let j = 2 - b. Suppose j*v - 2 = 3*v. What is the units digit of v?
1
Let z(j) = -j - 6. Let q be z(-9). Suppose -q = -0*g - 3*g. What is the units digit of g?
1
Let y = -33 + 21. Let q(r) = r**3 - 5*r**2 + 5*r - 4. Let d be q(5). Let n = y + d. What is the units digit of n?
9
Suppose 5*f + 7 = -38. Let v be ((-15)/(-4))/(f/(-48)). Suppose 0 = 4*r - 12 - v. What is the units digit of r?
8
Let q be (-2 - -2)/2 - 20. Suppose -87 = -4*j + j. Let m = q + j. What is the units digit of m?
9
What is the units digit of (140 + -1)/(5/1 - 4)?
9
Let q = -10 - -4. What is the units digit of (-1)/3 + (-8)/q?
1
Suppose -142 = -8*i + 6*i. What is the units digit of i?
1
Let n(w) = w**2 - 4*w + 11. What is the tens digit of n(-10)?
5
Suppose 24 = 4*j - 16. What is the tens digit of 2/j + 416/20?
2
Let w(d) = d**3 - 9*d**2 + 11*d - 9. Let a be w(8). Let y be (4/(-6))/((-3)/9). Suppose -a = -3*o - y*o. What is the units digit of o?
3
Let l = -37 - -70. What is the units digit of l?
3
Let b(d) = -d + 4. Let c be b(-4). Let s(t) = 3 + 2 - c*t + 2*t + t**2. What is the units digit of s(6)?
5
Let b be -2 + 4 + -4 - -1. Let n be (b - -3 - 4)/(-1). Let j = n - -1. What is the units digit of j?
3
Let b(m) = -m**3 + 8*m**2 - 5*m - 7. Let o = -11 + 19. Suppose s - 3*g + 0 = -o, 1 = -2*s + 3*g. What is the units digit of b(s)?
7
Let h(j) = j**2 - 2*j - 2. Let u be h(10). Let n be ((-4)/3)/((-4)/u). Suppose b - n = -3*v, 20 = 2*v + 2*b - 4. What is the units digit of v?
7
Let f(q) = -q**2 + 4*q + 2. Let p be (-11)/(-3) + 1/3. What is the units digit of f(p)?
2
Let k be ((-2)/(-4))/(4/(-40)). Let o(t) = -t**3 + t**2 + t. Let s be o(2). Let x = s - k. What is the units digit of x?
3
Let z(m) = 4*m + 8. Let y be z(5). Suppose 0 = -4*x + y + 20. What is the tens digit of x?
1
What is the tens digit of (-23)/(3 - 7/2)?
4
Let y(p) = p + 3. Let x = -7 + 9. Suppose x*b - 35 = -3*b. What is the units digit of y(b)?
0
Let c be 10/15*(-2 - 1). What is the tens digit of 825/20 - c/(-8)?
4
Suppose 3 = 3*t - 0*b + 5*b, -2*t + b = 11. Let z(a) = -2*a + 2. What is the tens digit of z(t)?
1
Let v = 11 - 10. Let r(u) = u**2 + u**2 - 9*u + v + 0*u**2. What is the units digit of r(6)?
9
Let h = -1 - -2. Let c(p) = -2*p - 8. Let i be c(-5). What is the units digit of i/(3 - h)*8?
8
Suppose -3*d + 2*d = -85. Suppose 8*l - d = 3*l. What is the units digit of l?
7
Let r = -2 - -6. Let s(n) = -n**3 + 4*n**2 - n + 2. Let t be s(4). Let w = t + r. What is the units digit of w?
2
Let u = 43 + -16. What is the units digit of u?
7
Suppose 0 = -14*q + 146 + 106. What is the units digit of q?
8
Let h be 7 + -3 + 226/2. Suppose -5*a + h = -58. What is the units digit of a?
5
Let m be 14/6 + (-2)/6. Suppose 5*h - 57 = 4*f, m*h - f = 15 + 9. What is the units digit of h?
3
Let o = -34 + 72. What is the units digit of o?
8
Suppose 4*s + 15 = -s. What is the units digit of (15/10)/(s/(-8))?
4
Let n(z) = 5*z**2 + 2*z + 1. Let s be -3 + (1 - (-3)/3). What is the units digit of n(s)?
4
Suppose 4*p = 3*p + 5*o - 22, 5 = 5*p - 2*o. Suppose -4*i - 5*y + 247 = 0, -i + p*y + 51 = 2. What is the tens digit of i?
5
Let n(r) = 2*r**2 + 21*r - 13. What is the tens digit of n(-12)?
2
Let o(u) = -u + 1. Let b(s) = 4*s - 10. Let d(t) = -b(t) - 5*o(t). Suppose -2*f + 5*w - 3*w + 2 = 0, -5*f + 2 = -2*w. What is the units digit of d(f)?
5
Let o(t) = -10*t. What is the units digit of o(-1)?
0
Suppose 0 = 2*o - 4*i, o - 4*o + 2 = -4*i. Suppose -o*b - b = -12. What is the units digit of b?
4
Suppose -i + 5*h = -21, -5*i + 5*h + 4 = -1. Let c be 0 + i + 0 + 1. Let y(z) = -z**3 - 2*z**2 - 3*z - 2. What is the units digit of y(c)?
6
Let r(y) = -64 - y**3 + 2*y - 3*y**3 + 65 + y**3. Suppose q + 7 = 2*c - 2, 3*q - c + 7 = 0. What is the units digit of r(q)?
2
Let c(s) = -6*s**3 + 3*s - 1. What is the units digit of c(-3)?
2
Let z be -1*(3/3)/1. Let i be 77/(-14) + z/(-2). Let c(l) = l**2 + 3*l + 2. What is the units digit of c(i)?
2
Suppose 0 = -4*c - 8 - 8, 4*c + 500 = 4*v. What is the units digit of v?
1
Let x(p) = -p**3 - 8*p**2 + 2*p - 10. Let t be x(-9). Suppose l + 0*l - 5*a = 5, t = 5*l + 3*a. What is the units digit of l?
0
Let f(y) be the second derivative of y**5/60 + y**4/12 - 2*y**3/3 - 3*y. Let k(w) be the second derivative of f(w). What is the tens digit of k(7)?
1
Suppose -100 = -3*m + a, 0*a - 4*a = -3*m + 112. What is the units digit of m?
2
Let r = 66 + -42. What is the units digit of r?
4
Let m be (-9)/(-6) + (-1)/(-2). Suppose -38 = -m*z + z. Suppose 0 = 4*u - z - 26. What is the tens digit of u?
1
Let m(a) = 4*a**2 + 5*a + 7. What is the units digit of m(-3)?
8
Let q(a) = -2*a - 2. Let k(f) = 1. Let y(t) = -3*k(t) + q(t). What is the units digit of y(-4)?
3
Let b = -4 + 8. Let q be -1 + 5/(10/b). Suppose 0 = -5*h + 16 - q. What is the units digit of h?
3
What is the tens digit of (-9)/(36/(-80)) + 1?
2
Let o(r) = -r**2 + 15. Let g be o(0). Let d be (-23)/(-3) + 5/g. Suppose s = -s + d. What is the units digit of s?
4
Let r(k) be the third derivative of -3*k**4/8 + k**3/3 + 2*k**2. What is the units digit of r(-1)?
1
What is the units digit of 162/2 + 4 + -1?
4
Suppose -3*k + 5 = -4. Suppose -2 = -2*r + 8. Suppose r = k*z - 19. What is the units digit of z?
8
Suppose -42 = 3*b + 3*f, 2*f + 13 = -0*b - b. Let w = 24 + b. What is the units digit of w?
9
Suppose -5*s + 2*s = -l + 238, 5*s = -4*l - 391. Let z = s + 130. What is the units digit of z?
1
What is the tens digit of (-125)/(-100) - (-1998)/8?
5
Let b(z) = -6*z - 2. What is the units digit of b(-4)?
2
Suppose 0 = s, -6*q + s = -3*q - 36. What is the tens digit of q?
1
Suppose 2*n - 95 = n. What is the tens digit of n?
9
Let b(m) = -52*m**2 - m + 2. Let h(i) = 26*i**2 + i - 1. Let k(n) = -3*b(n) - 5*h(n). What is the tens digit of k(-1)?
2
Let k be 1*3*12/(-9). Let t(o) be the second derivative of -o**4/12 - o**3 - 3*o. What is the units digit of t(k)?
8
Suppose -4*h - 784 = -11*h. What is the tens digit of h?
1
Let v be (16/28)/((-8)/(-28)). Suppose 0 = -v*r + 5 + 37. What is the units digit of r?
1
Suppose 2*w - 3 = 3*w. Let n be w/9*(-3 - 0). What is the tens digit of 11 - 1*(n + -2)?
1
Let x(g) = g**2 + 2*g + 3. Let k(q) = -q. Let b be k(-2). Suppose b*p - p = -3. What is the units digit of x(p)?
6
Let g(y) = 2*y - 4*y - y - 6 + y. Suppose -z - z - 8 = 0. What is the units dig